True
Is 906 a multiple of 18?
False
Does 22 divide 15307?
False
Does 5 divide 24095?
True
Is 27 a factor of 18826?
False
Does 47 divide 1974?
True
Is 23 a factor of 584?
False
Does 17 divide 2244?
True
Is 82 a multiple of 13?
False
Is 10 a factor of 2290?
True
Does 15 divide 567?
False
Is 7 a factor of 16849?
True
Is 24 a factor of 402?
False
Does 47 divide 671?
False
Is 54 a factor of 6480?
True
Does 255 divide 87720?
True
Is 7378 a multiple of 34?
True
Is 21 a factor of 2058?
True
Does 21 divide 1953?
True
Is 8 a factor of 729?
False
Is 21021 a multiple of 7?
True
Is 60 a factor of 142?
False
Does 23 divide 740?
False
Is 9594 a multiple of 41?
True
Does 53 divide 9487?
True
Is 11 a factor of 16203?
True
Does 74 divide 2748?
False
Is 6266 a multiple of 13?
True
Is 16 a factor of 6319?
False
Does 29 divide 4553?
True
Does 8 divide 56784?
True
Does 159 divide 80931?
True
Does 10 divide 1320?
True
Does 57 divide 18452?
False
Is 218 a multiple of 4?
False
Does 85 divide 7281?
False
Is 390 even?
True
Does 10 divide 220?
True
Is 45 a factor of 11474?
False
Is 37097 a multiple of 9?
False
Is 26220 a multiple of 15?
True
Is 13 a factor of 1260?
False
Is 103 a factor of 3248?
False
Is 24 a factor of 12903?
False
Does 7 divide 605?
False
Is 16 a factor of 14801?
False
Is 105 a factor of 21095?
False
Does 14 divide 530?
False
Is 24 a factor of 936?
True
Is 30761 a multiple of 113?
False
Is 2455 a multiple of 5?
True
Is 17780 a multiple of 10?
True
Is 36 a factor of 19154?
False
Does 11 divide 332?
False
Is 129 a factor of 18963?
True
Is 59948 a multiple of 28?
True
Does 95 divide 760?
True
Is 7 a factor of 280?
True
Is 147 a factor of 18741?
False
Does 28 divide 2607?
False
Is 61696 a multiple of 8?
True
Does 2 divide 4065?
False
Is 109670 a multiple of 10?
True
Is 307 a multiple of 36?
False
Is 6 a factor of 277?
False
Is 1944 a multiple of 9?
True
Is 2970 a multiple of 66?
True
Is 786 a multiple of 6?
True
Is 3975 a multiple of 46?
False
Does 12 divide 5929?
False
Is 10 a factor of 113134?
False
Is 4 a factor of 348?
True
Does 21 divide 1030?
False
Is 2139 a multiple of 5?
False
Is 916 a multiple of 10?
False
Is 41522 a multiple of 12?
False
Does 32 divide 64?
True
Is 2316 a multiple of 6?
True
Is 660 a multiple of 66?
True
Is 153 a factor of 6372?
False
Does 18 divide 2583?
False
Does 9 divide 1602?
True
Is 280 a multiple of 40?
True
Is 2199 a multiple of 9?
False
Does 41 divide 14227?
True
Does 17 divide 2397?
True
Is 1139 a multiple of 153?
False
Does 27 divide 16335?
True
Does 13 divide 1729?
True
Is 8 a factor of 132?
False
Is 9 a factor of 684?
True
Is 41400 a multiple of 120?
True
Is 4884 a multiple of 66?
True
Does 76 divide 108604?
True
Is 6 a factor of 258?
True
Is 546 a multiple of 7?
True
Is 3 a factor of 1440?
True
Is 295 a multiple of 16?
False
Is 13 a factor of 43381?
True
Does 31 divide 1638?
False
Is 21028 a multiple of 115?
False
Is 26 a factor of 2054?
True
Is 9 a factor of 987?
False
Is 23 a factor of 22977?
True
Is 5775 a multiple of 25?
True
Is 63 a factor of 8435?
False
Is 196 a multiple of 19?
False
Is 47 a factor of 22174?
False
Is 31 a factor of 496?
True
Is 12 a factor of 1148?
False
Is 120 even?
True
Does 2 divide 130?
True
Does 46 divide 3080?
False
Is 12531 a multiple of 3?
True
Is 4544 a multiple of 20?
False
Is 34736 a multiple of 323?
False
Is 4576 a multiple of 104?
True
Is 3672 a multiple of 51?
True
Is 8760 a multiple of 15?
True
Is 40 a factor of 1004?
False
Is 13460 a multiple of 147?
False
Is 13 a factor of 16380?
True
Is 387 a multiple of 35?
False
Does 50 divide 3600?
True
Is 10 a factor of 620?
True
Is 4 a factor of 4?
True
Is 30 a factor of 1230?
True
Is 5 a factor of 7858?
False
Is 1184 a multiple of 37?
True
Is 106 a multiple of 20?
False
Is 22 a factor of 3134?
False
Does 14 divide 1196?
False
Is 10 a factor of 147?
False
Does 71 divide 12011?
False
Is 12 a factor of 225?
False
Does 56 divide 12822?
False
Does 7 divide 9192?
False
Is 24 a factor of 2330?
False
Does 87 divide 435?
True
Is 38667 a multiple of 14?
False
Does 145 divide 23610?
False
Is 2453 a multiple of 106?
False
Does 28 divide 1540?
True
Is 90 a factor of 15840?
True
Is 328 a multiple of 8?
True
Is 46 a factor of 3828?
False
Does 59 divide 177?
True
Does 22 divide 9243?
False
Does 33 divide 924?
True
Does 130 divide 10891?
False
Is 99 a factor of 31324?
False
Is 14523 a multiple of 103?
True
Is 996 a multiple of 36?
False
Does 14 divide 1470?
True
Does 5 divide 6685?
True
Does 68 divide 816?
True
Is 116 a factor of 15196?
True
Is 22 a factor of 977?
False
Is 73 a factor of 803?
True
Is 14 a factor of 1176?
True
Is 18864 a multiple of 131?
True
Does 39 divide 2149?
False
Does 16 divide 270?
False
Is 10 a factor of 4380?
True
Does 2 divide 13?
False
Is 2268 a multiple of 28?
True
Is 9742 a multiple of 23?
False
Is 19 a factor of 230?
False
Does 42 divide 637?
False
Is 89 a factor of 277?
False
Does 108 divide 107794?
False
Does 70 divide 35815?
False
Is 899 a multiple of 31?
True
Does 20 divide 148075?
False
Is 660 a multiple of 60?
True
Does 26 divide 8528?
True
Is 214 a factor of 14766?
True
Is 71604 a multiple of 193?
False
Is 7 a factor of 3514?
True
Does 13 divide 224?
False
Is 98 a factor of 29327?
False
Does 12 divide 7932?
True
Is 18 a factor of 6732?
True
Is 8 a factor of 5851?
False
Does 9 divide 600?
False
Does 289 divide 24565?
True
Is 15 a factor of 782?
False
Does 4 divide 46?
False
Is 9786 a multiple of 26?
False
Is 20 a factor of 3700?
True
Is 27930 a multiple of 105?
True
Is 19 a factor of 122?
False
Is 33 a factor of 495?
True
Is 8 a factor of 54208?
True
Is 13 a factor of 8138?
True
Does 297 divide 37818?
False
Is 44 a factor of 4943?
False
Is 4 a factor of 247?
False
Is 23087 a multiple of 154?
False
Is 61 a factor of 2904?
False
Does 8 divide 3619?
False
Does 30 divide 2070?
True
Is 2213 a multiple of 130?
False
Does 70 divide 4977?
False
Is 1112 a multiple of 42?
False
Is 72 a multiple of 4?
True
Does 9 divide 10487?
False
Is 4 a factor of 316?
True
Is 1446 a multiple of 15?
False
Does 184 divide 15640?
True
Does 3 divide 12?
True
Is 3 a factor of 469?
False
Is 41 even?
False
Is 31 a factor of 9703?
True
Does 8 divide 379?
False
Is 187 even?
False
Is 77 a factor of 6458?
False
Is 23438 a multiple of 8?
False
Is 1742 a multiple of 26?
True
Is 774 a multiple of 86?
True
Is 15890 a multiple of 53?
False
Is 36 a multiple of 5?
False
Is 7 a factor of 25962?
False
Is 14 a factor of 126?
True
Is 65 a multiple of 2?
False
Is 207 a multiple of 9?
True
Does 71 divide 284?
True
Is 496 a multiple of 2?
True
Is 661 a multiple of 23?
False
Is 408 a multiple of 34?
True
Is 18 a factor of 1836?
True
Is 9 a factor of 2999?
False
Is 20 a factor of 260?
True
Is 28 a factor of 1607?
False
Is 580 a multiple of 7?
False
Does 3 divide 148?
False
Is 164 a multiple of 7?
False
Is 1913 a multiple of 24?
False
Is 32620 a multiple of 20?
True
Is 16821 a multiple of 45?
False
Does 19 divide 9576?
True
Does 150 divide 4361?
False
Is 3600 a multiple of 28?
False
Does 202 divide 50741?
False
Is 26002 a multiple of 30?
False
Does 46 divide 814?
False
Does 7 divide 1190?
True
Is 4288 a multiple of 64?
True
Does 12 divide 1044?
True
Does 42 divide 10770?
False
Is 2563 a multiple of 28?
False
Is 10560 a multiple of 24?
True
Does 40 divide 23761?
False
Is 2610 a multiple of 30?
True
Does 56 divide 460?
False
Does 13 divide 338?
True
Is 11 a factor of 605?
True
Does 20 divide 601?
False
Is 27 a factor of 2659?
False
Is 3275 a multiple of 5?
True
Does 23 divide 57132?
True
Does 10 divide 4910?
True
Is 92 a multiple of 4?
True
Is 9027 a multiple of 15?
False
Is 19887 a multiple of 3?
True
Does 16 divide 8331?
False
Is 25704 a multiple of 56?
True
Does 83 divide 747?
True
Does 13 divide 1443?
True
Is 21760 a multiple of 10?
True
Does 49 divide 49?
True
Is 25 a factor of 350?
True
Is 899 a multiple of 31?
True
Does 2 divide 552?
True
Is 137 a multiple of 2?
False
Does 11 divide 5565?
False
Is 21 a factor of 1701?
True
Is 379 a multiple of 30?
False
Is 14344 a multiple of 11?
True
Is 4 a factor of 3110?
False
Does 72 divide 7479?
False
Is 91 a factor of 948?
False
Does 77 divide 37884?
True
Is 12 a factor of 6754?
False
Does 126 divide 2520?
True
Is 88976 a 